{"id":1238,"date":"2025-04-10T18:36:53","date_gmt":"2025-04-10T16:36:53","guid":{"rendered":"https:\/\/www.svenskappccupen.se\/?page_id=1238"},"modified":"2025-07-28T06:22:03","modified_gmt":"2025-07-28T04:22:03","slug":"landslaget-till-vm-2025","status":"publish","type":"page","link":"https:\/\/www.svenskappccupen.se\/?page_id=1238","title":{"rendered":"VM 2025 &#8211; Landslagsuttagning"},"content":{"rendered":"\n<p><\/p>\n\n\n\n<p id=\"block-9b927a19-06af-4c2f-9ea8-97768191e912\">Uttagningen till VM baseras p\u00e5 prestationer p\u00e5 rankinggrundande t\u00e4vlingar, landsdelsm\u00e4sterskap och SM. I tabellerna nedan ser du nuvarande status f\u00f6r de som anm\u00e4lt sig intresserade att vara med i landslaget. <br>Resultaten kommer med i listan n\u00e4r de publicerats p\u00e5 wa1500.org. Filens namn &#8211; se l\u00e4ngst ner &#8211; inneh\u00e5ller datumet f\u00f6r det senaste resultatet som \u00e4r med i listan.<br><br>Ett kryss i K<strong>andidat<\/strong> betyder att skytten anm\u00e4lt intresse att vara med i landslaget<br><strong>Totalt <\/strong>\u00e4r det sammanslagna resultatet som ligger till grund f\u00f6r uttagningen<br><strong>Diff <\/strong>\u00e4r antalet po\u00e4ng man m\u00e5ste skjuta b\u00e4ttre \u00e4n den som ligger f\u00f6rst f\u00f6r att ta ledningen.<br><strong>Ranking<\/strong> \u00e4r snittet av de tre b\u00e4sta rankinggrundande resultaten under \u00e5ret, landsdelsm\u00e4sterskap och SM undantagna<br><strong>Landsdel<\/strong> \u00e4r resultatet fr\u00e5n landsdelsm\u00e4sterskap, SSM, VSM, LSM och NSM<br><strong>SM<\/strong> \u00e4r resultatet fr\u00e5n SM<br><strong>Matcher<\/strong> \u00e4r antal matcher skytten gjort<br><strong>Trend6<\/strong> \u00e4r en trend \u00f6ver de senaste 6 matcherna. Positiv siffra inneb\u00e4r att skytten skjuter b\u00e4ttre \u00f6ver tid.<br><strong>Trend3<\/strong> \u00e4r en trend \u00f6ver de senaste 3 matcherna. Positiv siffra inneb\u00e4r att skytten skjuter b\u00e4ttre \u00f6ver tid.<br><strong>Avvikelse<\/strong> \u00e4r standardavvikelsen \u00f6ver alla matcher. Liten siffra betyder att skytten har j\u00e4mna resultat.<\/p>\n\n\n\n<p><strong>OBS! <\/strong>Skjuter man flera matcher av samma typ under landsdelsm\u00e4sterskap som ocks\u00e5 \u00e4r cupmatcher &#8211; t ex en R1500 p\u00e5 l\u00f6rdagen som r\u00e4knas till m\u00e4sterskapet och en p\u00e5 s\u00f6ndag som d\u00e5 skulle bli rankningmatch &#8211; s\u00e5 kommer den andra matchen inte med som rankingmatch pga lat programmerare. Meddela oss p\u00e5 landslaget@ppc1500.se om du saknar en match.<br>Notera \u00e4ven att i dokumentet \u00e4r resultaten viktade s\u00e5 att ranking och landsdelsm\u00e4sterskap \u00e4r 50% vardera s\u00e5 totalsiffran blir ett 1500-resultat. Efter SM kommer alla delar att v\u00e4gas lika &#8211; ranking, landsdelsm\u00e4sterskap och SM.<\/p>\n\n\n\n<div data-wp-interactive=\"core\/file\" class=\"wp-block-file\"><object data-wp-bind--hidden=\"!state.hasPdfPreview\" hidden class=\"wp-block-file__embed\" data=\"https:\/\/www.svenskappccupen.se\/wp-content\/uploads\/2025\/07\/landslaget-250721-2.pdf\" type=\"application\/pdf\" style=\"width:100%;height:600px\" aria-label=\"Embed of landslaget-250721.\"><\/object><a id=\"wp-block-file--media-94cdf6c2-cba7-47b3-9eea-fea1ce587556\" href=\"https:\/\/www.svenskappccupen.se\/wp-content\/uploads\/2025\/07\/landslaget-250721-2.pdf\">landslaget-250721<\/a><a href=\"https:\/\/www.svenskappccupen.se\/wp-content\/uploads\/2025\/07\/landslaget-250721-2.pdf\" class=\"wp-block-file__button wp-element-button\" download aria-describedby=\"wp-block-file--media-94cdf6c2-cba7-47b3-9eea-fea1ce587556\">Download<\/a><\/div>\n\n\n\n<div class=\"wp-block-file\"><a id=\"wp-block-file--media-8580f64d-94dc-429e-9c77-3862108a5087\" href=\"https:\/\/www.svenskappccupen.se\/wp-content\/uploads\/2025\/07\/alla-underlag-1.txt\">alla-underlag<\/a><a href=\"https:\/\/www.svenskappccupen.se\/wp-content\/uploads\/2025\/07\/alla-underlag-1.txt\" class=\"wp-block-file__button wp-element-button\" download aria-describedby=\"wp-block-file--media-8580f64d-94dc-429e-9c77-3862108a5087\">Download<\/a><\/div>\n\n\n\n<div data-wp-interactive=\"core\/file\" class=\"wp-block-file\"><object data-wp-bind--hidden=\"!state.hasPdfPreview\" hidden class=\"wp-block-file__embed\" data=\"https:\/\/www.svenskappccupen.se\/wp-content\/uploads\/2025\/07\/landslaget-250728.pdf\" type=\"application\/pdf\" style=\"width:100%;height:600px\" aria-label=\"Embed of landslaget-250728.\"><\/object><a id=\"wp-block-file--media-91aca0c5-9935-4200-87c2-402941263450\" href=\"https:\/\/www.svenskappccupen.se\/wp-content\/uploads\/2025\/07\/landslaget-250728.pdf\">landslaget-250728<\/a><a href=\"https:\/\/www.svenskappccupen.se\/wp-content\/uploads\/2025\/07\/landslaget-250728.pdf\" class=\"wp-block-file__button wp-element-button\" download aria-describedby=\"wp-block-file--media-91aca0c5-9935-4200-87c2-402941263450\">Download<\/a><\/div>\n","protected":false},"excerpt":{"rendered":"<p>Uttagningen till VM baseras p\u00e5 prestationer p\u00e5 rankinggrundande t\u00e4vlingar, landsdelsm\u00e4sterskap och SM. I tabellerna nedan ser du nuvarande status f\u00f6r de som anm\u00e4lt sig intresserade att vara med i landslaget. Resultaten kommer med i listan n\u00e4r de publicerats p\u00e5 wa1500.org. Filens namn &#8211; se l\u00e4ngst ner &#8211; inneh\u00e5ller datumet f\u00f6r det senaste resultatet som \u00e4r&#8230;<\/p>\n","protected":false},"author":4,"featured_media":0,"parent":0,"menu_order":0,"comment_status":"closed","ping_status":"closed","template":"","meta":{"_uag_custom_page_level_css":"","_kad_post_transparent":"","_kad_post_title":"","_kad_post_layout":"","_kad_post_sidebar_id":"","_kad_post_content_style":"","_kad_post_vertical_padding":"","_kad_post_feature":"","_kad_post_feature_position":"","_kad_post_header":false,"_kad_post_footer":false,"_kad_post_classname":"","iawp_total_views":615,"footnotes":""},"class_list":["post-1238","page","type-page","status-publish","hentry"],"uagb_featured_image_src":{"full":false,"thumbnail":false,"medium":false,"medium_large":false,"large":false,"1536x1536":false,"2048x2048":false},"uagb_author_info":{"display_name":"George","author_link":"https:\/\/www.svenskappccupen.se\/?author=4"},"uagb_comment_info":0,"uagb_excerpt":"Uttagningen till VM baseras p\u00e5 prestationer p\u00e5 rankinggrundande t\u00e4vlingar, landsdelsm\u00e4sterskap och SM. I tabellerna nedan ser du nuvarande status f\u00f6r de som anm\u00e4lt sig intresserade att vara med i landslaget. Resultaten kommer med i listan n\u00e4r de publicerats p\u00e5 wa1500.org. Filens namn &#8211; se l\u00e4ngst ner &#8211; inneh\u00e5ller datumet f\u00f6r det senaste resultatet som \u00e4r...","_links":{"self":[{"href":"https:\/\/www.svenskappccupen.se\/index.php?rest_route=\/wp\/v2\/pages\/1238","targetHints":{"allow":["GET"]}}],"collection":[{"href":"https:\/\/www.svenskappccupen.se\/index.php?rest_route=\/wp\/v2\/pages"}],"about":[{"href":"https:\/\/www.svenskappccupen.se\/index.php?rest_route=\/wp\/v2\/types\/page"}],"author":[{"embeddable":true,"href":"https:\/\/www.svenskappccupen.se\/index.php?rest_route=\/wp\/v2\/users\/4"}],"replies":[{"embeddable":true,"href":"https:\/\/www.svenskappccupen.se\/index.php?rest_route=%2Fwp%2Fv2%2Fcomments&post=1238"}],"version-history":[{"count":6,"href":"https:\/\/www.svenskappccupen.se\/index.php?rest_route=\/wp\/v2\/pages\/1238\/revisions"}],"predecessor-version":[{"id":1337,"href":"https:\/\/www.svenskappccupen.se\/index.php?rest_route=\/wp\/v2\/pages\/1238\/revisions\/1337"}],"wp:attachment":[{"href":"https:\/\/www.svenskappccupen.se\/index.php?rest_route=%2Fwp%2Fv2%2Fmedia&parent=1238"}],"curies":[{"name":"wp","href":"https:\/\/api.w.org\/{rel}","templated":true}]}}