{"id":1637,"date":"2026-04-09T20:48:09","date_gmt":"2026-04-09T18:48:09","guid":{"rendered":"https:\/\/www.svenskappccupen.se\/?page_id=1637"},"modified":"2026-04-22T21:40:47","modified_gmt":"2026-04-22T19:40:47","slug":"400-match","status":"publish","type":"page","link":"https:\/\/www.svenskappccupen.se\/?page_id=1637","title":{"rendered":"400 Grenen"},"content":{"rendered":"\n<h1 class=\"wp-block-heading has-text-align-center\">400 Grenen<\/h1>\n\n\n\n<p><em>Varf\u00f6r kallas grenen \u201c400\u201d? \u2013 svaret \u00e4r att vi skjuter 40 skott under en match och maxpo\u00e4ng blir d\u00e5 400<\/em>.<\/p>\n\n\n\n<hr class=\"wp-block-separator has-text-color has-theme-palette-2-color has-alpha-channel-opacity has-theme-palette-2-background-color has-background is-style-wide\" style=\"margin-top:var(--wp--preset--spacing--50);margin-bottom:var(--wp--preset--spacing--50)\"\/>\n\n\n\n<h3 class=\"wp-block-heading has-text-align-center\">SR2,75&#8243; 5-skott &#8211; Standard Revolver 5-skott<\/h3>\n\n\n<div class=\"wp-block-image\">\n<figure class=\"aligncenter size-full is-resized\"><img loading=\"lazy\" decoding=\"async\" width=\"501\" height=\"335\" src=\"https:\/\/www.svenskappccupen.se\/wp-content\/uploads\/2025\/11\/SR275_5.jpg\" alt=\"\" class=\"wp-image-1402\" style=\"width:393px;height:auto\" srcset=\"https:\/\/www.svenskappccupen.se\/wp-content\/uploads\/2025\/11\/SR275_5.jpg 501w, https:\/\/www.svenskappccupen.se\/wp-content\/uploads\/2025\/11\/SR275_5-300x201.jpg 300w\" sizes=\"auto, (max-width: 501px) 100vw, 501px\" \/><figcaption class=\"wp-element-caption\">SR2,75&#8243; 5-skott &#8211; Standard Revolver 5-skott<br>(Off-duty Revolver 5-skott)<\/figcaption><\/figure>\n<\/div>\n\n\n<p>En revolver kapabel att kamra och skjuta standard 158 grain bly .38 specialladdning.<br>Det m\u00e5ste vara en fabrikstillverkad revolver utan utv\u00e4ndiga modifieringar, f\u00f6rutom kolven som f\u00e5r modifieras eller bytas beroende p\u00e5 storleken p\u00e5 den t\u00e4vlandes hand eller f\u00f6r att underl\u00e4tta laddning.<\/p>\n\n\n\n<p><strong>(a) Pipa<\/strong><br>Pipl\u00e4ngden f\u00e5r inte \u00f6verskrida 2.75 tum (70 mm).<\/p>\n\n\n\n<p><strong>(b) Riktmedel<\/strong><br>Fast eller st\u00e4llbart sikte. Justerbart korn \u00e4r inte till\u00e5tet. Kornet m\u00e5ste vara ramp eller stolpkorn s\u00e5som s\u00e5lt av vapentillverkaren, rampkorn f\u00e5r bytas mot stolpkorn om s\u00e5 har s\u00e5lts.<\/p>\n\n\n\n<p><strong>(c) Avtryck<\/strong><br>Skall ha single och double actionfunktion. Hanl\u00f6s mekanism \u00e4r till\u00e5ten.<br>Inga krav p\u00e5 avtrycksvikt<\/p>\n\n\n\n<p><strong>(d) Kolv<\/strong><br>Kolven f\u00e5r modifieras eller bytas beroende p\u00e5 storleken p\u00e5 skyttens hand eller f\u00f6r att underl\u00e4tta laddning. Tyngda kolvar eller kolvplattor \u00e4r f\u00f6rbjudna.<br>Storleken p\u00e5 kolven f\u00e5r inte \u00f6verskrida f\u00f6ljande m\u00e5tt: bas 45\u00d760 mm, h\u00f6jd 120 mm.<\/p>\n\n\n\n<p><strong>(e) Avfasade trummor \u00e4r till\u00e5tna.<\/strong><\/p>\n\n\n\n<p><strong>(f) Ett piv\u00e5l\u00e5s \u00e4r till\u00e5tet.<\/strong><\/p>\n\n\n\n<p>Specifikt f\u00f6rbjudet \u00e4r varje rekylkontrollsystem baserat p\u00e5 kompensatorer, pipventilering eller pipportning. Ocks\u00e5 f\u00f6rbjudna \u00e4r alla substanser (annan \u00e4n svettf\u00f6rebyggare) som resulterar i en klibbig yta p\u00e5 kolven eller handen.<\/p>\n\n\n\n<p>Vid avg\u00f6rande ifall ett specifikt vapen m\u00f6ter andan och intentionen s\u00e5v\u00e4l som bokstaven i dessa regler skall det ih\u00e5gkommas att detta \u00e4r menat att vara en ren hyllvara fr\u00e5n tillverkaren (a totally stock firearm).<\/p>\n\n\n\n<p><\/p>\n\n\n\n<hr class=\"wp-block-separator has-text-color has-theme-palette-2-color has-alpha-channel-opacity has-theme-palette-2-background-color has-background is-style-wide\" style=\"margin-top:var(--wp--preset--spacing--50);margin-bottom:var(--wp--preset--spacing--50)\"\/>\n\n\n\n<p class=\"has-text-align-center\"><strong>Matchordning f\u00f6r 400 grenen<\/strong><\/p>\n\n\n<div class=\"wp-block-image\">\n<figure class=\"aligncenter size-full\"><img loading=\"lazy\" decoding=\"async\" width=\"578\" height=\"304\" src=\"https:\/\/www.svenskappccupen.se\/wp-content\/uploads\/2026\/04\/Matchordning_400.png\" alt=\"\" class=\"wp-image-1804\" srcset=\"https:\/\/www.svenskappccupen.se\/wp-content\/uploads\/2026\/04\/Matchordning_400.png 578w, https:\/\/www.svenskappccupen.se\/wp-content\/uploads\/2026\/04\/Matchordning_400-300x158.png 300w\" sizes=\"auto, (max-width: 578px) 100vw, 578px\" \/><\/figure>\n<\/div>\n\n\n<p><\/p>\n","protected":false},"excerpt":{"rendered":"<p>400 Grenen Varf\u00f6r kallas grenen \u201c400\u201d? \u2013 svaret \u00e4r att vi skjuter 40 skott under en match och maxpo\u00e4ng blir d\u00e5 400. SR2,75&#8243; 5-skott &#8211; Standard Revolver 5-skott En revolver kapabel att kamra och skjuta standard 158 grain bly .38 specialladdning.Det m\u00e5ste vara en fabrikstillverkad revolver utan utv\u00e4ndiga modifieringar, f\u00f6rutom kolven som f\u00e5r modifieras eller&#8230;<\/p>\n","protected":false},"author":2,"featured_media":0,"parent":0,"menu_order":0,"comment_status":"closed","ping_status":"closed","template":"","meta":{"_uag_custom_page_level_css":"","_kad_post_transparent":"","_kad_post_title":"hide","_kad_post_layout":"narrow","_kad_post_sidebar_id":"","_kad_post_content_style":"","_kad_post_vertical_padding":"","_kad_post_feature":"","_kad_post_feature_position":"","_kad_post_header":false,"_kad_post_footer":false,"_kad_post_classname":"","iawp_total_views":25,"footnotes":""},"class_list":["post-1637","page","type-page","status-publish","hentry"],"uagb_featured_image_src":{"full":false,"thumbnail":false,"medium":false,"medium_large":false,"large":false,"1536x1536":false,"2048x2048":false},"uagb_author_info":{"display_name":"Niklas Sj\u00f6gren","author_link":"https:\/\/www.svenskappccupen.se\/?author=2"},"uagb_comment_info":0,"uagb_excerpt":"400 Grenen Varf\u00f6r kallas grenen \u201c400\u201d? \u2013 svaret \u00e4r att vi skjuter 40 skott under en match och maxpo\u00e4ng blir d\u00e5 400. SR2,75&#8243; 5-skott &#8211; Standard Revolver 5-skott En revolver kapabel att kamra och skjuta standard 158 grain bly .38 specialladdning.Det m\u00e5ste vara en fabrikstillverkad revolver utan utv\u00e4ndiga modifieringar, f\u00f6rutom kolven som f\u00e5r modifieras eller...","_links":{"self":[{"href":"https:\/\/www.svenskappccupen.se\/index.php?rest_route=\/wp\/v2\/pages\/1637","targetHints":{"allow":["GET"]}}],"collection":[{"href":"https:\/\/www.svenskappccupen.se\/index.php?rest_route=\/wp\/v2\/pages"}],"about":[{"href":"https:\/\/www.svenskappccupen.se\/index.php?rest_route=\/wp\/v2\/types\/page"}],"author":[{"embeddable":true,"href":"https:\/\/www.svenskappccupen.se\/index.php?rest_route=\/wp\/v2\/users\/2"}],"replies":[{"embeddable":true,"href":"https:\/\/www.svenskappccupen.se\/index.php?rest_route=%2Fwp%2Fv2%2Fcomments&post=1637"}],"version-history":[{"count":6,"href":"https:\/\/www.svenskappccupen.se\/index.php?rest_route=\/wp\/v2\/pages\/1637\/revisions"}],"predecessor-version":[{"id":1805,"href":"https:\/\/www.svenskappccupen.se\/index.php?rest_route=\/wp\/v2\/pages\/1637\/revisions\/1805"}],"wp:attachment":[{"href":"https:\/\/www.svenskappccupen.se\/index.php?rest_route=%2Fwp%2Fv2%2Fmedia&parent=1637"}],"curies":[{"name":"wp","href":"https:\/\/api.w.org\/{rel}","templated":true}]}}