{"id":322,"date":"2022-12-31T13:00:51","date_gmt":"2022-12-31T12:00:51","guid":{"rendered":"https:\/\/www.svenskappccupen.se\/?page_id=322"},"modified":"2026-04-23T17:17:39","modified_gmt":"2026-04-23T15:17:39","slug":"borja-med-ppc","status":"publish","type":"page","link":"https:\/\/www.svenskappccupen.se\/?page_id=322","title":{"rendered":"Hur g\u00f6r man f\u00f6r att b\u00f6rja med PPC?"},"content":{"rendered":"\n<h1 class=\"wp-block-heading\">Hur g\u00f6r man f\u00f6r att b\u00f6rja med PPC?<\/h1>\n\n\n\n<hr class=\"wp-block-separator has-text-color has-theme-palette-2-color has-alpha-channel-opacity has-theme-palette-2-background-color has-background is-style-wide\" style=\"margin-top:var(--wp--preset--spacing--50);margin-bottom:var(--wp--preset--spacing--50)\"\/>\n\n\n\n<p>D\u00e5 PPC inneh\u00e5ller moment med drag fr\u00e5n h\u00f6lster samt f\u00f6rflyttningar och snabba omladdningar, kr\u00e4vs det att man genomg\u00e5r en grundutbildning.<br>N\u00e4stan alla klubbar som t\u00e4vlar i PPC genomf\u00f6r denna grundutbildning, s\u00e5 b\u00f6rja med att kontakta din egen klubb f\u00f6r att h\u00f6ra med dem om de kan h\u00e5lla en utbildning.<br><br>Om din egen klubb inte kan h\u00e5lla utbildning s\u00e5 kontakta oss i styrelsen p\u00e5 styrelsen@ppc1500.se och ber\u00e4tta vilken region i Sverige ni tillh\u00f6r s\u00e5 f\u00f6rs\u00f6ker vi se till s\u00e5 ni f\u00e5r kontakt med en klubb i er n\u00e4rhet som kan h\u00e5lla utbildningen.<br><br><a href=\"https:\/\/www.svenskappccupen.se\/?page_id=1440\" data-type=\"page\" data-id=\"1440\">Vi f\u00f6rs\u00f6ker \u00e4ven fylla p\u00e5 denna lista med utbildningar vi k\u00e4nner till<\/a><\/p>\n\n\n\n<p>Utbildningen omfattar dels en teoretisk del och en avslutande praktiskt del p\u00e5 skjutbana, rekommenderat \u00e4r att ha gott om ammunition med till den praktiska delen d\u00e5 det g\u00e4ller att \u00f6va in alla nya skjutst\u00e4llningar och moment som h\u00f6r till PPC<\/p>\n\n\n\n<p>Efter genomf\u00f6rd utbildning beh\u00f6ver du delta p\u00e5 tv\u00e5 PPC t\u00e4vlingar, Cupmatcher eller andra rankinggrundande, n\u00e4r de resultaten har registrerats i den Tyska databasen f\u00e5r du ditt WAID och ranking.<\/p>\n\n\n\n<p><strong>Vad beh\u00f6vs f\u00f6r att skjuta PPC?<\/strong><br>F\u00f6r att kunna skjuta PPC beh\u00f6ver man lite utrustning, n\u00e5gra man m\u00e5ste ha, och massor som \u00e4r bra att ha.<\/p>\n\n\n\n<p><strong>M\u00e5ste:<\/strong><br>&#8211; Ett vapen, Pistol eller Revolver i kaliber .32 eller h\u00f6gre<br>&#8211; Ett h\u00f6lster som t\u00e4cker varbygeln p\u00e5 vapnet ordentligt<br>&#8211; Minst 4 magasin eller snabbladdare (g\u00e4rna 6 st.)<br>&#8211; Skyddsglas\u00f6gon och H\u00f6rselskydd<\/p>\n\n\n\n<p><strong>Bra att ha:<\/strong><br>&#8211; Timer<br>&#8211; Liggunderlag\/Matta (som inte kan bl\u00e5sa iv\u00e4g)<br>&#8211; Skrivplatta, g\u00e4rna som g\u00e5r att st\u00e4nga ett lock \u00f6ver (f\u00f6r resultatkorten)<br>&#8211; Sot t\u00e4ndare<br>&#8211; Liten v\u00e4ska f\u00f6r ammo, pennor, sott\u00e4ndare m.m. du beh\u00f6ver under matchen<br>&#8211; Kikare f\u00f6r inskjutning (50 Yard \u00e4r l\u00e5ngt bort)<br>&#8211; Vattenflaska (en 1500 match tar drygt 1 timme att genomf\u00f6ra)<br><\/p>\n\n\n\n<p><strong>L\u00e4nkar f\u00f6r att l\u00e4sa mer om PPC<br><\/strong> <a href=\"https:\/\/www.pistolskytteforbundet.se\/om-pistolskytte\/banskyttegrenar\/ppc\/\" target=\"_blank\" rel=\"noopener\">Pistolskyttef\u00f6rbundet<\/a><br> <a href=\"https:\/\/wa1500.org\/\" target=\"_blank\" rel=\"noopener\">Tyska WA sidan<\/a><br> <a href=\"https:\/\/wa1500.org\/download_details.php?Thema=44\" target=\"_blank\" rel=\"noreferrer noopener\">International rulebook<\/a><\/p>\n\n\n\n<figure class=\"wp-block-gallery has-nested-images columns-5 is-cropped wp-block-gallery-1 is-layout-flex wp-block-gallery-is-layout-flex\">\n<figure class=\"wp-block-image size-full\"><img loading=\"lazy\" decoding=\"async\" width=\"417\" height=\"626\" data-id=\"586\" src=\"https:\/\/www.svenskappccupen.se\/wp-content\/uploads\/2023\/04\/Skarmbild-2023-03-11-134530.jpg\" alt=\"\" class=\"wp-image-586\" srcset=\"https:\/\/www.svenskappccupen.se\/wp-content\/uploads\/2023\/04\/Skarmbild-2023-03-11-134530.jpg 417w, https:\/\/www.svenskappccupen.se\/wp-content\/uploads\/2023\/04\/Skarmbild-2023-03-11-134530-200x300.jpg 200w\" sizes=\"auto, (max-width: 417px) 100vw, 417px\" \/><\/figure>\n\n\n\n<figure class=\"wp-block-image size-full is-style-default\"><img loading=\"lazy\" decoding=\"async\" width=\"617\" height=\"756\" data-id=\"575\" src=\"https:\/\/www.svenskappccupen.se\/wp-content\/uploads\/2023\/04\/Skarmbild-2023-03-11-133034.jpg\" alt=\"\" class=\"wp-image-575\" srcset=\"https:\/\/www.svenskappccupen.se\/wp-content\/uploads\/2023\/04\/Skarmbild-2023-03-11-133034.jpg 617w, https:\/\/www.svenskappccupen.se\/wp-content\/uploads\/2023\/04\/Skarmbild-2023-03-11-133034-245x300.jpg 245w, https:\/\/www.svenskappccupen.se\/wp-content\/uploads\/2023\/04\/Skarmbild-2023-03-11-133034-600x735.jpg 600w\" sizes=\"auto, (max-width: 617px) 100vw, 617px\" \/><\/figure>\n\n\n\n<figure class=\"wp-block-image size-full\"><img loading=\"lazy\" decoding=\"async\" width=\"942\" height=\"858\" data-id=\"590\" src=\"https:\/\/www.svenskappccupen.se\/wp-content\/uploads\/2023\/04\/Skarmbild-2023-03-11-132942.jpg\" alt=\"\" class=\"wp-image-590\" srcset=\"https:\/\/www.svenskappccupen.se\/wp-content\/uploads\/2023\/04\/Skarmbild-2023-03-11-132942.jpg 942w, https:\/\/www.svenskappccupen.se\/wp-content\/uploads\/2023\/04\/Skarmbild-2023-03-11-132942-300x273.jpg 300w, https:\/\/www.svenskappccupen.se\/wp-content\/uploads\/2023\/04\/Skarmbild-2023-03-11-132942-768x700.jpg 768w, https:\/\/www.svenskappccupen.se\/wp-content\/uploads\/2023\/04\/Skarmbild-2023-03-11-132942-600x546.jpg 600w\" sizes=\"auto, (max-width: 942px) 100vw, 942px\" \/><\/figure>\n\n\n\n<figure class=\"wp-block-image size-full\"><img loading=\"lazy\" decoding=\"async\" width=\"913\" height=\"770\" data-id=\"580\" src=\"https:\/\/www.svenskappccupen.se\/wp-content\/uploads\/2023\/04\/Skarmbild-2023-03-11-134444.jpg\" alt=\"\" class=\"wp-image-580\" srcset=\"https:\/\/www.svenskappccupen.se\/wp-content\/uploads\/2023\/04\/Skarmbild-2023-03-11-134444.jpg 913w, https:\/\/www.svenskappccupen.se\/wp-content\/uploads\/2023\/04\/Skarmbild-2023-03-11-134444-300x253.jpg 300w, https:\/\/www.svenskappccupen.se\/wp-content\/uploads\/2023\/04\/Skarmbild-2023-03-11-134444-768x648.jpg 768w, https:\/\/www.svenskappccupen.se\/wp-content\/uploads\/2023\/04\/Skarmbild-2023-03-11-134444-600x506.jpg 600w\" sizes=\"auto, (max-width: 913px) 100vw, 913px\" \/><\/figure>\n\n\n\n<figure class=\"wp-block-image size-full\"><img loading=\"lazy\" decoding=\"async\" width=\"855\" height=\"774\" data-id=\"581\" src=\"https:\/\/www.svenskappccupen.se\/wp-content\/uploads\/2023\/04\/Skarmbild-2023-03-11-132915.jpg\" alt=\"\" class=\"wp-image-581\" srcset=\"https:\/\/www.svenskappccupen.se\/wp-content\/uploads\/2023\/04\/Skarmbild-2023-03-11-132915.jpg 855w, https:\/\/www.svenskappccupen.se\/wp-content\/uploads\/2023\/04\/Skarmbild-2023-03-11-132915-300x272.jpg 300w, https:\/\/www.svenskappccupen.se\/wp-content\/uploads\/2023\/04\/Skarmbild-2023-03-11-132915-768x695.jpg 768w, https:\/\/www.svenskappccupen.se\/wp-content\/uploads\/2023\/04\/Skarmbild-2023-03-11-132915-600x543.jpg 600w\" sizes=\"auto, (max-width: 855px) 100vw, 855px\" \/><\/figure>\n\n\n\n<figure class=\"wp-block-image size-full\"><img loading=\"lazy\" decoding=\"async\" width=\"1370\" height=\"795\" data-id=\"591\" src=\"https:\/\/www.svenskappccupen.se\/wp-content\/uploads\/2023\/04\/Skarmbild-2023-03-11-134328.jpg\" alt=\"\" class=\"wp-image-591\" srcset=\"https:\/\/www.svenskappccupen.se\/wp-content\/uploads\/2023\/04\/Skarmbild-2023-03-11-134328.jpg 1370w, https:\/\/www.svenskappccupen.se\/wp-content\/uploads\/2023\/04\/Skarmbild-2023-03-11-134328-300x174.jpg 300w, https:\/\/www.svenskappccupen.se\/wp-content\/uploads\/2023\/04\/Skarmbild-2023-03-11-134328-1024x594.jpg 1024w, https:\/\/www.svenskappccupen.se\/wp-content\/uploads\/2023\/04\/Skarmbild-2023-03-11-134328-768x446.jpg 768w, https:\/\/www.svenskappccupen.se\/wp-content\/uploads\/2023\/04\/Skarmbild-2023-03-11-134328-600x348.jpg 600w\" sizes=\"auto, (max-width: 1370px) 100vw, 1370px\" \/><\/figure>\n\n\n\n<figure class=\"wp-block-image size-full\"><img loading=\"lazy\" decoding=\"async\" width=\"1109\" height=\"788\" data-id=\"582\" src=\"https:\/\/www.svenskappccupen.se\/wp-content\/uploads\/2023\/04\/Skarmbild-2023-03-11-132841.jpg\" alt=\"\" class=\"wp-image-582\" srcset=\"https:\/\/www.svenskappccupen.se\/wp-content\/uploads\/2023\/04\/Skarmbild-2023-03-11-132841.jpg 1109w, https:\/\/www.svenskappccupen.se\/wp-content\/uploads\/2023\/04\/Skarmbild-2023-03-11-132841-300x213.jpg 300w, https:\/\/www.svenskappccupen.se\/wp-content\/uploads\/2023\/04\/Skarmbild-2023-03-11-132841-1024x728.jpg 1024w, https:\/\/www.svenskappccupen.se\/wp-content\/uploads\/2023\/04\/Skarmbild-2023-03-11-132841-768x546.jpg 768w, https:\/\/www.svenskappccupen.se\/wp-content\/uploads\/2023\/04\/Skarmbild-2023-03-11-132841-600x426.jpg 600w\" sizes=\"auto, (max-width: 1109px) 100vw, 1109px\" \/><\/figure>\n\n\n\n<figure class=\"wp-block-image size-full\"><img loading=\"lazy\" decoding=\"async\" width=\"581\" height=\"757\" data-id=\"587\" src=\"https:\/\/www.svenskappccupen.se\/wp-content\/uploads\/2023\/04\/Skarmbild-2023-03-11-134226.jpg\" alt=\"\" class=\"wp-image-587\" srcset=\"https:\/\/www.svenskappccupen.se\/wp-content\/uploads\/2023\/04\/Skarmbild-2023-03-11-134226.jpg 581w, https:\/\/www.svenskappccupen.se\/wp-content\/uploads\/2023\/04\/Skarmbild-2023-03-11-134226-230x300.jpg 230w\" sizes=\"auto, (max-width: 581px) 100vw, 581px\" \/><\/figure>\n\n\n\n<figure class=\"wp-block-image size-full\"><img loading=\"lazy\" decoding=\"async\" width=\"1030\" height=\"762\" data-id=\"578\" src=\"https:\/\/www.svenskappccupen.se\/wp-content\/uploads\/2023\/04\/Skarmbild-2023-03-11-132752.jpg\" alt=\"\" class=\"wp-image-578\" srcset=\"https:\/\/www.svenskappccupen.se\/wp-content\/uploads\/2023\/04\/Skarmbild-2023-03-11-132752.jpg 1030w, https:\/\/www.svenskappccupen.se\/wp-content\/uploads\/2023\/04\/Skarmbild-2023-03-11-132752-300x222.jpg 300w, https:\/\/www.svenskappccupen.se\/wp-content\/uploads\/2023\/04\/Skarmbild-2023-03-11-132752-1024x758.jpg 1024w, https:\/\/www.svenskappccupen.se\/wp-content\/uploads\/2023\/04\/Skarmbild-2023-03-11-132752-768x568.jpg 768w, https:\/\/www.svenskappccupen.se\/wp-content\/uploads\/2023\/04\/Skarmbild-2023-03-11-132752-600x444.jpg 600w\" sizes=\"auto, (max-width: 1030px) 100vw, 1030px\" \/><\/figure>\n\n\n\n<figure class=\"wp-block-image size-full\"><img loading=\"lazy\" decoding=\"async\" width=\"881\" height=\"941\" data-id=\"589\" src=\"https:\/\/www.svenskappccupen.se\/wp-content\/uploads\/2023\/04\/Skarmbild-2023-03-11-132730.jpg\" alt=\"\" class=\"wp-image-589\" srcset=\"https:\/\/www.svenskappccupen.se\/wp-content\/uploads\/2023\/04\/Skarmbild-2023-03-11-132730.jpg 881w, https:\/\/www.svenskappccupen.se\/wp-content\/uploads\/2023\/04\/Skarmbild-2023-03-11-132730-281x300.jpg 281w, https:\/\/www.svenskappccupen.se\/wp-content\/uploads\/2023\/04\/Skarmbild-2023-03-11-132730-768x820.jpg 768w, https:\/\/www.svenskappccupen.se\/wp-content\/uploads\/2023\/04\/Skarmbild-2023-03-11-132730-600x641.jpg 600w\" sizes=\"auto, (max-width: 881px) 100vw, 881px\" \/><\/figure>\n\n\n\n<figure class=\"wp-block-image size-full\"><img loading=\"lazy\" decoding=\"async\" width=\"518\" height=\"700\" data-id=\"584\" src=\"https:\/\/www.svenskappccupen.se\/wp-content\/uploads\/2023\/04\/Skarmbild-2023-03-11-134157.jpg\" alt=\"\" class=\"wp-image-584\" srcset=\"https:\/\/www.svenskappccupen.se\/wp-content\/uploads\/2023\/04\/Skarmbild-2023-03-11-134157.jpg 518w, https:\/\/www.svenskappccupen.se\/wp-content\/uploads\/2023\/04\/Skarmbild-2023-03-11-134157-222x300.jpg 222w\" sizes=\"auto, (max-width: 518px) 100vw, 518px\" \/><\/figure>\n\n\n\n<figure class=\"wp-block-image size-full\"><img loading=\"lazy\" decoding=\"async\" width=\"1286\" height=\"677\" data-id=\"588\" src=\"https:\/\/www.svenskappccupen.se\/wp-content\/uploads\/2023\/04\/Skarmbild-2023-03-11-134022.jpg\" alt=\"\" class=\"wp-image-588\" srcset=\"https:\/\/www.svenskappccupen.se\/wp-content\/uploads\/2023\/04\/Skarmbild-2023-03-11-134022.jpg 1286w, https:\/\/www.svenskappccupen.se\/wp-content\/uploads\/2023\/04\/Skarmbild-2023-03-11-134022-300x158.jpg 300w, https:\/\/www.svenskappccupen.se\/wp-content\/uploads\/2023\/04\/Skarmbild-2023-03-11-134022-1024x539.jpg 1024w, https:\/\/www.svenskappccupen.se\/wp-content\/uploads\/2023\/04\/Skarmbild-2023-03-11-134022-768x404.jpg 768w, https:\/\/www.svenskappccupen.se\/wp-content\/uploads\/2023\/04\/Skarmbild-2023-03-11-134022-600x316.jpg 600w\" sizes=\"auto, (max-width: 1286px) 100vw, 1286px\" \/><\/figure>\n\n\n\n<figure class=\"wp-block-image size-full\"><img loading=\"lazy\" decoding=\"async\" width=\"714\" height=\"741\" data-id=\"576\" src=\"https:\/\/www.svenskappccupen.se\/wp-content\/uploads\/2023\/04\/Skarmbild-2023-03-11-133832.jpg\" alt=\"\" class=\"wp-image-576\" srcset=\"https:\/\/www.svenskappccupen.se\/wp-content\/uploads\/2023\/04\/Skarmbild-2023-03-11-133832.jpg 714w, https:\/\/www.svenskappccupen.se\/wp-content\/uploads\/2023\/04\/Skarmbild-2023-03-11-133832-289x300.jpg 289w, https:\/\/www.svenskappccupen.se\/wp-content\/uploads\/2023\/04\/Skarmbild-2023-03-11-133832-600x623.jpg 600w\" sizes=\"auto, (max-width: 714px) 100vw, 714px\" \/><\/figure>\n\n\n\n<figure class=\"wp-block-image size-full\"><img loading=\"lazy\" decoding=\"async\" width=\"1284\" height=\"846\" data-id=\"577\" src=\"https:\/\/www.svenskappccupen.se\/wp-content\/uploads\/2023\/04\/Skarmbild-2023-03-11-132645.jpg\" alt=\"\" class=\"wp-image-577\" srcset=\"https:\/\/www.svenskappccupen.se\/wp-content\/uploads\/2023\/04\/Skarmbild-2023-03-11-132645.jpg 1284w, https:\/\/www.svenskappccupen.se\/wp-content\/uploads\/2023\/04\/Skarmbild-2023-03-11-132645-300x198.jpg 300w, https:\/\/www.svenskappccupen.se\/wp-content\/uploads\/2023\/04\/Skarmbild-2023-03-11-132645-1024x675.jpg 1024w, https:\/\/www.svenskappccupen.se\/wp-content\/uploads\/2023\/04\/Skarmbild-2023-03-11-132645-768x506.jpg 768w, https:\/\/www.svenskappccupen.se\/wp-content\/uploads\/2023\/04\/Skarmbild-2023-03-11-132645-600x395.jpg 600w\" sizes=\"auto, (max-width: 1284px) 100vw, 1284px\" \/><\/figure>\n\n\n\n<figure class=\"wp-block-image size-full\"><img loading=\"lazy\" decoding=\"async\" width=\"1095\" height=\"822\" data-id=\"585\" src=\"https:\/\/www.svenskappccupen.se\/wp-content\/uploads\/2023\/04\/Skarmbild-2023-03-11-132622.jpg\" alt=\"\" class=\"wp-image-585\" srcset=\"https:\/\/www.svenskappccupen.se\/wp-content\/uploads\/2023\/04\/Skarmbild-2023-03-11-132622.jpg 1095w, https:\/\/www.svenskappccupen.se\/wp-content\/uploads\/2023\/04\/Skarmbild-2023-03-11-132622-300x225.jpg 300w, https:\/\/www.svenskappccupen.se\/wp-content\/uploads\/2023\/04\/Skarmbild-2023-03-11-132622-1024x769.jpg 1024w, https:\/\/www.svenskappccupen.se\/wp-content\/uploads\/2023\/04\/Skarmbild-2023-03-11-132622-768x577.jpg 768w, https:\/\/www.svenskappccupen.se\/wp-content\/uploads\/2023\/04\/Skarmbild-2023-03-11-132622-600x450.jpg 600w\" sizes=\"auto, (max-width: 1095px) 100vw, 1095px\" \/><\/figure>\n\n\n\n<figure class=\"wp-block-image size-full\"><img loading=\"lazy\" decoding=\"async\" width=\"657\" height=\"681\" data-id=\"583\" src=\"https:\/\/www.svenskappccupen.se\/wp-content\/uploads\/2023\/04\/Skarmbild-2023-03-11-133725.jpg\" alt=\"\" class=\"wp-image-583\" srcset=\"https:\/\/www.svenskappccupen.se\/wp-content\/uploads\/2023\/04\/Skarmbild-2023-03-11-133725.jpg 657w, https:\/\/www.svenskappccupen.se\/wp-content\/uploads\/2023\/04\/Skarmbild-2023-03-11-133725-289x300.jpg 289w, https:\/\/www.svenskappccupen.se\/wp-content\/uploads\/2023\/04\/Skarmbild-2023-03-11-133725-600x622.jpg 600w\" sizes=\"auto, (max-width: 657px) 100vw, 657px\" \/><\/figure>\n\n\n\n<figure class=\"wp-block-image size-full\"><img loading=\"lazy\" decoding=\"async\" width=\"782\" height=\"648\" data-id=\"579\" src=\"https:\/\/www.svenskappccupen.se\/wp-content\/uploads\/2023\/04\/Skarmbild-2023-03-11-132521.jpg\" alt=\"\" class=\"wp-image-579\" srcset=\"https:\/\/www.svenskappccupen.se\/wp-content\/uploads\/2023\/04\/Skarmbild-2023-03-11-132521.jpg 782w, https:\/\/www.svenskappccupen.se\/wp-content\/uploads\/2023\/04\/Skarmbild-2023-03-11-132521-300x249.jpg 300w, https:\/\/www.svenskappccupen.se\/wp-content\/uploads\/2023\/04\/Skarmbild-2023-03-11-132521-768x636.jpg 768w, https:\/\/www.svenskappccupen.se\/wp-content\/uploads\/2023\/04\/Skarmbild-2023-03-11-132521-600x497.jpg 600w\" sizes=\"auto, (max-width: 782px) 100vw, 782px\" \/><\/figure>\n\n\n\n<figure class=\"wp-block-image size-full\"><img loading=\"lazy\" decoding=\"async\" width=\"432\" height=\"479\" data-id=\"574\" src=\"https:\/\/www.svenskappccupen.se\/wp-content\/uploads\/2023\/04\/Skarmbild-2023-03-11-133626.jpg\" alt=\"\" class=\"wp-image-574\" srcset=\"https:\/\/www.svenskappccupen.se\/wp-content\/uploads\/2023\/04\/Skarmbild-2023-03-11-133626.jpg 432w, https:\/\/www.svenskappccupen.se\/wp-content\/uploads\/2023\/04\/Skarmbild-2023-03-11-133626-271x300.jpg 271w\" sizes=\"auto, (max-width: 432px) 100vw, 432px\" \/><\/figure>\n<\/figure>\n","protected":false},"excerpt":{"rendered":"<p>Hur g\u00f6r man f\u00f6r att b\u00f6rja med PPC? D\u00e5 PPC inneh\u00e5ller moment med drag fr\u00e5n h\u00f6lster samt f\u00f6rflyttningar och snabba omladdningar, kr\u00e4vs det att man genomg\u00e5r en grundutbildning.N\u00e4stan alla klubbar som t\u00e4vlar i PPC genomf\u00f6r denna grundutbildning, s\u00e5 b\u00f6rja med att kontakta din egen klubb f\u00f6r att h\u00f6ra med dem om de kan h\u00e5lla en&#8230;<\/p>\n","protected":false},"author":1,"featured_media":0,"parent":0,"menu_order":0,"comment_status":"closed","ping_status":"closed","template":"","meta":{"_uag_custom_page_level_css":"","_kad_post_transparent":"","_kad_post_title":"hide","_kad_post_layout":"narrow","_kad_post_sidebar_id":"","_kad_post_content_style":"","_kad_post_vertical_padding":"","_kad_post_feature":"hide","_kad_post_feature_position":"","_kad_post_header":false,"_kad_post_footer":false,"_kad_post_classname":"","iawp_total_views":1018,"footnotes":""},"class_list":["post-322","page","type-page","status-publish","hentry"],"uagb_featured_image_src":{"full":false,"thumbnail":false,"medium":false,"medium_large":false,"large":false,"1536x1536":false,"2048x2048":false},"uagb_author_info":{"display_name":"adminppccupen","author_link":"https:\/\/www.svenskappccupen.se\/?author=1"},"uagb_comment_info":0,"uagb_excerpt":"Hur g\u00f6r man f\u00f6r att b\u00f6rja med PPC? D\u00e5 PPC inneh\u00e5ller moment med drag fr\u00e5n h\u00f6lster samt f\u00f6rflyttningar och snabba omladdningar, kr\u00e4vs det att man genomg\u00e5r en grundutbildning.N\u00e4stan alla klubbar som t\u00e4vlar i PPC genomf\u00f6r denna grundutbildning, s\u00e5 b\u00f6rja med att kontakta din egen klubb f\u00f6r att h\u00f6ra med dem om de kan h\u00e5lla en...","_links":{"self":[{"href":"https:\/\/www.svenskappccupen.se\/index.php?rest_route=\/wp\/v2\/pages\/322","targetHints":{"allow":["GET"]}}],"collection":[{"href":"https:\/\/www.svenskappccupen.se\/index.php?rest_route=\/wp\/v2\/pages"}],"about":[{"href":"https:\/\/www.svenskappccupen.se\/index.php?rest_route=\/wp\/v2\/types\/page"}],"author":[{"embeddable":true,"href":"https:\/\/www.svenskappccupen.se\/index.php?rest_route=\/wp\/v2\/users\/1"}],"replies":[{"embeddable":true,"href":"https:\/\/www.svenskappccupen.se\/index.php?rest_route=%2Fwp%2Fv2%2Fcomments&post=322"}],"version-history":[{"count":6,"href":"https:\/\/www.svenskappccupen.se\/index.php?rest_route=\/wp\/v2\/pages\/322\/revisions"}],"predecessor-version":[{"id":1814,"href":"https:\/\/www.svenskappccupen.se\/index.php?rest_route=\/wp\/v2\/pages\/322\/revisions\/1814"}],"wp:attachment":[{"href":"https:\/\/www.svenskappccupen.se\/index.php?rest_route=%2Fwp%2Fv2%2Fmedia&parent=322"}],"curies":[{"name":"wp","href":"https:\/\/api.w.org\/{rel}","templated":true}]}}