{"id":328,"date":"2022-12-31T13:39:50","date_gmt":"2022-12-31T12:39:50","guid":{"rendered":"https:\/\/www.svenskappccupen.se\/?page_id=328"},"modified":"2026-04-22T20:27:45","modified_gmt":"2026-04-22T18:27:45","slug":"organisation-svenska-ppc-cupen","status":"publish","type":"page","link":"https:\/\/www.svenskappccupen.se\/?page_id=328","title":{"rendered":"Organisation Svenska PPC Cupen"},"content":{"rendered":"\n<h1 class=\"wp-block-heading\">Organisation Svenska PPC Cupen<\/h1>\n\n\n\n<hr class=\"wp-block-separator has-text-color has-theme-palette-2-color has-alpha-channel-opacity has-theme-palette-2-background-color has-background is-style-wide\" style=\"margin-top:var(--wp--preset--spacing--50);margin-bottom:var(--wp--preset--spacing--50)\"\/>\n\n\n\n<h4 class=\"wp-block-heading\">Styrelsen<\/h4>\n\n\n\n<figure class=\"wp-block-table is-style-stripes\"><table><thead><tr><th class=\"has-text-align-left\" data-align=\"left\">Roll<\/th><th class=\"has-text-align-left\" data-align=\"left\">Namn<\/th><\/tr><\/thead><tbody><tr><td class=\"has-text-align-left\" data-align=\"left\">Ordf\u00f6rande<\/td><td class=\"has-text-align-left\" data-align=\"left\">Michael Axell<\/td><\/tr><tr><td class=\"has-text-align-left\" data-align=\"left\">Ledamot \u2013 Sekreterare<\/td><td class=\"has-text-align-left\" data-align=\"left\">Niklas Sj\u00f6gren<\/td><\/tr><tr><td class=\"has-text-align-left\" data-align=\"left\">Ledamot\/Kass\u00f6r<\/td><td class=\"has-text-align-left\" data-align=\"left\">George Ekstr\u00f6m<\/td><\/tr><tr><td class=\"has-text-align-left\" data-align=\"left\">Ledamot<\/td><td class=\"has-text-align-left\" data-align=\"left\">Erik Everbrink<\/td><\/tr><tr><td class=\"has-text-align-left\" data-align=\"left\">Ledamot<\/td><td class=\"has-text-align-left\" data-align=\"left\">Andreas Bengtsson<\/td><\/tr><tr><td class=\"has-text-align-left\" data-align=\"left\">Suppleant<\/td><td class=\"has-text-align-left\" data-align=\"left\">Andreas Granberg<\/td><\/tr><tr><td class=\"has-text-align-left\" data-align=\"left\">Suppleant<\/td><td class=\"has-text-align-left\" data-align=\"left\">Bengt-Eric Skoglund<\/td><\/tr><tr><td class=\"has-text-align-left\" data-align=\"left\">Revisor<\/td><td class=\"has-text-align-left\" data-align=\"left\">Johan Ahlbeck<\/td><\/tr><tr><td class=\"has-text-align-left\" data-align=\"left\">Valberedning<\/td><td class=\"has-text-align-left\" data-align=\"left\">\u00d6rjan Sandgren<\/td><\/tr><\/tbody><\/table><\/figure>\n\n\n\n<h4 class=\"wp-block-heading\" style=\"padding-top:var(--wp--preset--spacing--30);padding-bottom:var(--wp--preset--spacing--30)\">Organisationsnummer<\/h4>\n\n\n\n<p>802529-3096<\/p>\n\n\n\n<h4 class=\"wp-block-heading\">Ansvarsomr\u00e5den<\/h4>\n\n\n\n<figure class=\"wp-block-table is-style-stripes\"><table><thead><tr><th class=\"has-text-align-left\" data-align=\"left\">Omr\u00e5de<\/th><th class=\"has-text-align-left\" data-align=\"left\">Ansvarig<\/th><\/tr><\/thead><tbody><tr><td class=\"has-text-align-left\" data-align=\"left\">Cupansvarig<\/td><td class=\"has-text-align-left\" data-align=\"left\">Michael Axell<\/td><\/tr><tr><td class=\"has-text-align-left\" data-align=\"left\">Distrikt Norr<\/td><td class=\"has-text-align-left\" data-align=\"left\">Andreas Granberg<\/td><\/tr><tr><td class=\"has-text-align-left\" data-align=\"left\">V\u00e4st<\/td><td class=\"has-text-align-left\" data-align=\"left\">Erik Everbrink<\/td><\/tr><tr><td class=\"has-text-align-left\" data-align=\"left\">\u00d6st<\/td><td class=\"has-text-align-left\" data-align=\"left\">Michael Axell<\/td><\/tr><tr><td class=\"has-text-align-left\" data-align=\"left\">Syd<\/td><td class=\"has-text-align-left\" data-align=\"left\">Andreas Bengtsson<\/td><\/tr><tr><td class=\"has-text-align-left\" data-align=\"left\">Webmaster<\/td><td class=\"has-text-align-left\" data-align=\"left\">\u00d6rjan Sandgren<\/td><\/tr><tr><td class=\"has-text-align-left\" data-align=\"left\">Resultat<\/td><td class=\"has-text-align-left\" data-align=\"left\">Niklas Sj\u00f6gren<\/td><\/tr><\/tbody><\/table><\/figure>\n\n\n\n<h4 class=\"wp-block-heading\" style=\"padding-top:var(--wp--preset--spacing--30);padding-bottom:var(--wp--preset--spacing--30)\">Cupavgifter<\/h4>\n\n\n\n<p>Cupadministrationen skickar ut en faktura p\u00e5 beloppet och avgiften skall betalas inom 14 dagar.<br>Cupavgiften utg\u00f6rs av 20:-\/start till som g\u00e5r till prisbordet samt f\u00f6r 150-skottsmatcher ytterligare 5:-\/start i registreringsavgift till WA1500.<br>Cupavgift betalas f\u00f6r varje p\u00e5b\u00f6rjad start.<\/p>\n","protected":false},"excerpt":{"rendered":"<p>Organisation Svenska PPC Cupen Styrelsen Roll Namn Ordf\u00f6rande Michael Axell Ledamot \u2013 Sekreterare Niklas Sj\u00f6gren Ledamot\/Kass\u00f6r George Ekstr\u00f6m Ledamot Erik Everbrink Ledamot Andreas Bengtsson Suppleant Andreas Granberg Suppleant Bengt-Eric Skoglund Revisor Johan Ahlbeck Valberedning \u00d6rjan Sandgren Organisationsnummer 802529-3096 Ansvarsomr\u00e5den Omr\u00e5de Ansvarig Cupansvarig Michael Axell Distrikt Norr Andreas Granberg V\u00e4st Erik Everbrink \u00d6st Michael Axell Syd&#8230;<\/p>\n","protected":false},"author":1,"featured_media":0,"parent":0,"menu_order":0,"comment_status":"closed","ping_status":"closed","template":"","meta":{"_uag_custom_page_level_css":"","_kad_post_transparent":"","_kad_post_title":"hide","_kad_post_layout":"narrow","_kad_post_sidebar_id":"","_kad_post_content_style":"","_kad_post_vertical_padding":"","_kad_post_feature":"","_kad_post_feature_position":"","_kad_post_header":false,"_kad_post_footer":false,"_kad_post_classname":"","iawp_total_views":345,"footnotes":""},"class_list":["post-328","page","type-page","status-publish","hentry"],"uagb_featured_image_src":{"full":false,"thumbnail":false,"medium":false,"medium_large":false,"large":false,"1536x1536":false,"2048x2048":false},"uagb_author_info":{"display_name":"adminppccupen","author_link":"https:\/\/www.svenskappccupen.se\/?author=1"},"uagb_comment_info":0,"uagb_excerpt":"Organisation Svenska PPC Cupen Styrelsen Roll Namn Ordf\u00f6rande Michael Axell Ledamot \u2013 Sekreterare Niklas Sj\u00f6gren Ledamot\/Kass\u00f6r George Ekstr\u00f6m Ledamot Erik Everbrink Ledamot Andreas Bengtsson Suppleant Andreas Granberg Suppleant Bengt-Eric Skoglund Revisor Johan Ahlbeck Valberedning \u00d6rjan Sandgren Organisationsnummer 802529-3096 Ansvarsomr\u00e5den Omr\u00e5de Ansvarig Cupansvarig Michael Axell Distrikt Norr Andreas Granberg V\u00e4st Erik Everbrink \u00d6st Michael Axell Syd...","_links":{"self":[{"href":"https:\/\/www.svenskappccupen.se\/index.php?rest_route=\/wp\/v2\/pages\/328","targetHints":{"allow":["GET"]}}],"collection":[{"href":"https:\/\/www.svenskappccupen.se\/index.php?rest_route=\/wp\/v2\/pages"}],"about":[{"href":"https:\/\/www.svenskappccupen.se\/index.php?rest_route=\/wp\/v2\/types\/page"}],"author":[{"embeddable":true,"href":"https:\/\/www.svenskappccupen.se\/index.php?rest_route=\/wp\/v2\/users\/1"}],"replies":[{"embeddable":true,"href":"https:\/\/www.svenskappccupen.se\/index.php?rest_route=%2Fwp%2Fv2%2Fcomments&post=328"}],"version-history":[{"count":6,"href":"https:\/\/www.svenskappccupen.se\/index.php?rest_route=\/wp\/v2\/pages\/328\/revisions"}],"predecessor-version":[{"id":1767,"href":"https:\/\/www.svenskappccupen.se\/index.php?rest_route=\/wp\/v2\/pages\/328\/revisions\/1767"}],"wp:attachment":[{"href":"https:\/\/www.svenskappccupen.se\/index.php?rest_route=%2Fwp%2Fv2%2Fmedia&parent=328"}],"curies":[{"name":"wp","href":"https:\/\/api.w.org\/{rel}","templated":true}]}}